{"id":191,"date":"2022-02-21T07:03:06","date_gmt":"2022-02-21T06:03:06","guid":{"rendered":"https:\/\/www.sprachschule-aktiv.ch\/deutsch-lernen-in-der-schweiz\/?page_id=191"},"modified":"2022-02-21T07:03:06","modified_gmt":"2022-02-21T06:03:06","slug":"neue-freunde-in-der-schweiz-finden","status":"publish","type":"page","link":"https:\/\/www.sprachschule-aktiv.ch\/deutsch-lernen-in-der-schweiz\/neue-freunde-in-der-schweiz-finden\/","title":{"rendered":"Neue Freunde in der Schweiz finden und Bekanntschaften schliessen"},"content":{"rendered":"<p><strong>Sie sind neu in der Schweiz?<\/strong> Sie haben bereits einen Studienplatz bekommen oder einen Deutschkurs gefunden. Ausserdem wissen Sie schon, wo Sie wohnen werden. Was jetzt noch fehlt sind nette Leute, mit denen man sich treffen, reden und ausgehen kann! Aber wo kann man Bekanntschaften schliessen und neue Freunde finden?<\/p>\n<img loading=\"lazy\" decoding=\"async\" class=\"alignnone wp-image-192 size-full\" src=\"https:\/\/www.sprachschule-aktiv.ch\/deutsch-lernen-in-der-schweiz\/wp-content\/uploads\/2022\/02\/freunde-in-der-schweiz-finden.gif\" alt=\"Freunde in der Schweiz finden\" width=\"700\" height=\"467\" \/>\n<h2>Als Deutschlerner im Sprachkurs Kontakte kn\u00fcpfen<\/h2>\n<p>In Ihrem <a href=\"https:\/\/www.sprachschule-aktiv.ch\/deutsch-lernen-in-der-schweiz\/deutschkurse\/\">Deutschkurs<\/a> treffen Sie auf Leute, die in der gleichen Situation sind wie Sie. Bereits diese Gemeinsamkeit verbindet. Ausserdem festigt das gemeinsame Lernen das Zusammengeh\u00f6rigkeitsgef\u00fchl, aus dem heraus dann oft intensive Freundschaften entstehen. Viele Sprachschulen organisieren \u00fcber den Unterricht hinaus auch Ausfl\u00fcge, Picknicks, Stammtische und weitere Unternehmungen. Bei diesen haben Sie die M\u00f6glichkeit, Leute auch ausserhalb des eigenen Kurses kennenzulernen.<\/p>\n<p>An den Sprachschulen Aktiv in der Schweiz gibt es dar\u00fcber hinaus monatlich die Tradition eines gemeinsamen internationalen Fr\u00fchst\u00fccks. Jedes Monat werden die K\u00f6stlichkeiten eines Landes auf den Tisch gebracht. Dabei kommt die ganze Sprachschule zusammen, also alle Sch\u00fcler, die Lehrer sowie alle Mitarbeiter, und verbringen eine angenehme Zeit miteinander.<\/p>\n<h2>An der Universit\u00e4t oder Hochschule Bekanntschaften schliessen<\/h2>\n<p>Selbstverst\u00e4ndlich bietet sich auch Ihre Universit\u00e4t oder Hochschule an, um neue Bekanntschaften zu schliessen. Die meisten Universit\u00e4ten und Hochschulen in der Schweiz sind nicht so gross, sodass Sie immer wieder auf die gleichen Leute treffen werden.<\/p>\n<p>In Vorlesungen oder Seminaren finden Sie Leute, die das gleiche Interessensgebiet wie Sie haben. Neben dem Lehrbetrieb finden nat\u00fcrlich auch Fakult\u00e4tsfeste oder grosse Uni-Partys statt.<\/p>\n<p>M\u00f6gen Sie es lieber ein bisschen\u00a0 \u00fcberschaubarer, k\u00f6nnen Sie sich in einer Lerngruppe mit Ihren Kommilitonen zusammenschliessen.<\/p>\n<p>Oder Sie nehmen an einem der zahllosen Sportprogramme teil, die von den meisten Universit\u00e4ten und Hochschulen angeboten werden.<\/p>\n<h2>In den sozialen Medien neue Freunde finden<\/h2>\n<p>Heutzutage ist fast jeder in irgendeinem sozialen Medium mit anderen verlinkt. Viele internationale Studenten nutzen zum Beispiel facebook, um mit ihren Familien und Freunden in Kontakt zu bleiben. Warum also nicht sich auch dieser diversen Web-Portale bedienen, um neue Freunde zu finden!<\/p>\n<p>Neben den klassischen sozialen Medien wie facebook, instagram, telegram, etc. gibt es im Internet auch extra Portale, die sich darauf spezialisiert haben, internationales Publikum zusammenzubringen. Aus diesen Seiten kann man verschiedene Aktivit\u00e4ten wie Sportkurse buchen. Man kann sich auch f\u00fcr Ausfl\u00fcge anmelden oder einfach an einem gemeinsamen Treffen in einem netten Restaurant teilnehmen.<\/p>\n<p>Sollten Sie sich auf der Suche nach einer festen Partnerschaft befinden, kann Ihnen das Internet ebenfalls behilflich sein. Unterschiedliche Anbieter wie zum Beispiel Parship stellen Ihnen eine Plattform zur Verf\u00fcgung, auf der Sie sich pr\u00e4sentieren und ihren idealen Partner finden k\u00f6nnen. Einige Portale sind kostenlos, f\u00fcr andere m\u00fcssen Sie eine Geb\u00fchr bezahlen.<br \/>\n<iframe loading=\"lazy\" title=\"YouTube video player\" src=\"https:\/\/www.youtube.com\/embed\/54-5aCU96MM\" width=\"560\" height=\"315\" frameborder=\"0\" allowfullscreen=\"allowfullscreen\"><\/iframe><\/p>\n","protected":false},"excerpt":{"rendered":"<p>Sie sind neu in der Schweiz? Sie haben bereits einen Studienplatz bekommen oder einen Deutschkurs gefunden. Ausserdem wissen Sie schon, wo Sie wohnen werden. Was jetzt noch fehlt sind nette Leute, mit denen man sich treffen, reden und ausgehen kann! Aber wo kann man Bekanntschaften schliessen und neue Freunde finden? Als Deutschlerner im Sprachkurs Kontakte&hellip; <a class=\"read-more\" href=\"https:\/\/www.sprachschule-aktiv.ch\/deutsch-lernen-in-der-schweiz\/neue-freunde-in-der-schweiz-finden\/\" title=\"Read Neue Freunde in der Schweiz finden und Bekanntschaften schliessen\">Read more &raquo;<\/a><\/p>\n","protected":false},"author":2,"featured_media":0,"parent":0,"menu_order":0,"comment_status":"closed","ping_status":"closed","template":"","meta":{"footnotes":""},"class_list":["post-191","page","type-page","status-publish","hentry"],"yoast_head":"<!-- This site is optimized with the Yoast SEO plugin v27.1.1 - https:\/\/yoast.com\/product\/yoast-seo-wordpress\/ -->\n<title>Neue Freunde in der Schweiz finden<\/title>\n<meta name=\"description\" content=\"Wo findet man als internationaler Student in der Schweiz neue Freunde? Tipps &amp; die besten Orte, um Bekanntschaften zu schliessen.\" \/>\n<meta name=\"robots\" content=\"index, follow, max-snippet:-1, max-image-preview:large, max-video-preview:-1\" \/>\n<link rel=\"canonical\" href=\"https:\/\/www.sprachschule-aktiv.ch\/deutsch-lernen-in-der-schweiz\/neue-freunde-in-der-schweiz-finden\/\" \/>\n<meta property=\"og:locale\" content=\"de_DE\" \/>\n<meta property=\"og:type\" content=\"article\" \/>\n<meta property=\"og:title\" content=\"Neue Freunde in der Schweiz finden\" \/>\n<meta property=\"og:description\" content=\"Wo findet man als internationaler Student in der Schweiz neue Freunde? Tipps &amp; die besten Orte, um Bekanntschaften zu schliessen.\" \/>\n<meta property=\"og:url\" content=\"https:\/\/www.sprachschule-aktiv.ch\/deutsch-lernen-in-der-schweiz\/neue-freunde-in-der-schweiz-finden\/\" \/>\n<meta property=\"og:site_name\" content=\"Deutsch lernen in der schweiz\" \/>\n<meta property=\"og:image\" content=\"https:\/\/www.sprachschule-aktiv.ch\/deutsch-lernen-in-der-schweiz\/wp-content\/uploads\/2022\/02\/freunde-in-der-schweiz-finden.gif\" \/>\n<meta name=\"twitter:card\" content=\"summary_large_image\" \/>\n<meta name=\"twitter:label1\" content=\"Gesch\u00e4tzte Lesezeit\" \/>\n\t<meta name=\"twitter:data1\" content=\"2\u00a0Minuten\" \/>\n<script type=\"application\/ld+json\" class=\"yoast-schema-graph\">{\"@context\":\"https:\/\/schema.org\",\"@graph\":[{\"@type\":\"WebPage\",\"@id\":\"https:\/\/www.sprachschule-aktiv.ch\/deutsch-lernen-in-der-schweiz\/neue-freunde-in-der-schweiz-finden\/\",\"url\":\"https:\/\/www.sprachschule-aktiv.ch\/deutsch-lernen-in-der-schweiz\/neue-freunde-in-der-schweiz-finden\/\",\"name\":\"Neue Freunde in der Schweiz finden\",\"isPartOf\":{\"@id\":\"https:\/\/www.sprachschule-aktiv.ch\/deutsch-lernen-in-der-schweiz\/#website\"},\"primaryImageOfPage\":{\"@id\":\"https:\/\/www.sprachschule-aktiv.ch\/deutsch-lernen-in-der-schweiz\/neue-freunde-in-der-schweiz-finden\/#primaryimage\"},\"image\":{\"@id\":\"https:\/\/www.sprachschule-aktiv.ch\/deutsch-lernen-in-der-schweiz\/neue-freunde-in-der-schweiz-finden\/#primaryimage\"},\"thumbnailUrl\":\"https:\/\/www.sprachschule-aktiv.ch\/deutsch-lernen-in-der-schweiz\/wp-content\/uploads\/2022\/02\/freunde-in-der-schweiz-finden.gif\",\"datePublished\":\"2022-02-21T06:03:06+00:00\",\"description\":\"Wo findet man als internationaler Student in der Schweiz neue Freunde? Tipps & die besten Orte, um Bekanntschaften zu schliessen.\",\"breadcrumb\":{\"@id\":\"https:\/\/www.sprachschule-aktiv.ch\/deutsch-lernen-in-der-schweiz\/neue-freunde-in-der-schweiz-finden\/#breadcrumb\"},\"inLanguage\":\"de\",\"potentialAction\":[{\"@type\":\"ReadAction\",\"target\":[\"https:\/\/www.sprachschule-aktiv.ch\/deutsch-lernen-in-der-schweiz\/neue-freunde-in-der-schweiz-finden\/\"]}]},{\"@type\":\"ImageObject\",\"inLanguage\":\"de\",\"@id\":\"https:\/\/www.sprachschule-aktiv.ch\/deutsch-lernen-in-der-schweiz\/neue-freunde-in-der-schweiz-finden\/#primaryimage\",\"url\":\"https:\/\/www.sprachschule-aktiv.ch\/deutsch-lernen-in-der-schweiz\/wp-content\/uploads\/2022\/02\/freunde-in-der-schweiz-finden.gif\",\"contentUrl\":\"https:\/\/www.sprachschule-aktiv.ch\/deutsch-lernen-in-der-schweiz\/wp-content\/uploads\/2022\/02\/freunde-in-der-schweiz-finden.gif\",\"width\":700,\"height\":467,\"caption\":\"Freunde in der Schweiz finden\"},{\"@type\":\"BreadcrumbList\",\"@id\":\"https:\/\/www.sprachschule-aktiv.ch\/deutsch-lernen-in-der-schweiz\/neue-freunde-in-der-schweiz-finden\/#breadcrumb\",\"itemListElement\":[{\"@type\":\"ListItem\",\"position\":1,\"name\":\"Startseite\",\"item\":\"https:\/\/www.sprachschule-aktiv.ch\/deutsch-lernen-in-der-schweiz\/\"},{\"@type\":\"ListItem\",\"position\":2,\"name\":\"Neue Freunde in der Schweiz finden und Bekanntschaften schliessen\"}]},{\"@type\":\"WebSite\",\"@id\":\"https:\/\/www.sprachschule-aktiv.ch\/deutsch-lernen-in-der-schweiz\/#website\",\"url\":\"https:\/\/www.sprachschule-aktiv.ch\/deutsch-lernen-in-der-schweiz\/\",\"name\":\"Deutsch lernen in der schweiz\",\"description\":\"\",\"potentialAction\":[{\"@type\":\"SearchAction\",\"target\":{\"@type\":\"EntryPoint\",\"urlTemplate\":\"https:\/\/www.sprachschule-aktiv.ch\/deutsch-lernen-in-der-schweiz\/?s={search_term_string}\"},\"query-input\":{\"@type\":\"PropertyValueSpecification\",\"valueRequired\":true,\"valueName\":\"search_term_string\"}}],\"inLanguage\":\"de\"}]}<\/script>\n<!-- \/ Yoast SEO plugin. -->","yoast_head_json":{"title":"Neue Freunde in der Schweiz finden","description":"Wo findet man als internationaler Student in der Schweiz neue Freunde? Tipps & die besten Orte, um Bekanntschaften zu schliessen.","robots":{"index":"index","follow":"follow","max-snippet":"max-snippet:-1","max-image-preview":"max-image-preview:large","max-video-preview":"max-video-preview:-1"},"canonical":"https:\/\/www.sprachschule-aktiv.ch\/deutsch-lernen-in-der-schweiz\/neue-freunde-in-der-schweiz-finden\/","og_locale":"de_DE","og_type":"article","og_title":"Neue Freunde in der Schweiz finden","og_description":"Wo findet man als internationaler Student in der Schweiz neue Freunde? Tipps & die besten Orte, um Bekanntschaften zu schliessen.","og_url":"https:\/\/www.sprachschule-aktiv.ch\/deutsch-lernen-in-der-schweiz\/neue-freunde-in-der-schweiz-finden\/","og_site_name":"Deutsch lernen in der schweiz","og_image":[{"url":"https:\/\/www.sprachschule-aktiv.ch\/deutsch-lernen-in-der-schweiz\/wp-content\/uploads\/2022\/02\/freunde-in-der-schweiz-finden.gif","type":"","width":"","height":""}],"twitter_card":"summary_large_image","twitter_misc":{"Gesch\u00e4tzte Lesezeit":"2\u00a0Minuten"},"schema":{"@context":"https:\/\/schema.org","@graph":[{"@type":"WebPage","@id":"https:\/\/www.sprachschule-aktiv.ch\/deutsch-lernen-in-der-schweiz\/neue-freunde-in-der-schweiz-finden\/","url":"https:\/\/www.sprachschule-aktiv.ch\/deutsch-lernen-in-der-schweiz\/neue-freunde-in-der-schweiz-finden\/","name":"Neue Freunde in der Schweiz finden","isPartOf":{"@id":"https:\/\/www.sprachschule-aktiv.ch\/deutsch-lernen-in-der-schweiz\/#website"},"primaryImageOfPage":{"@id":"https:\/\/www.sprachschule-aktiv.ch\/deutsch-lernen-in-der-schweiz\/neue-freunde-in-der-schweiz-finden\/#primaryimage"},"image":{"@id":"https:\/\/www.sprachschule-aktiv.ch\/deutsch-lernen-in-der-schweiz\/neue-freunde-in-der-schweiz-finden\/#primaryimage"},"thumbnailUrl":"https:\/\/www.sprachschule-aktiv.ch\/deutsch-lernen-in-der-schweiz\/wp-content\/uploads\/2022\/02\/freunde-in-der-schweiz-finden.gif","datePublished":"2022-02-21T06:03:06+00:00","description":"Wo findet man als internationaler Student in der Schweiz neue Freunde? Tipps & die besten Orte, um Bekanntschaften zu schliessen.","breadcrumb":{"@id":"https:\/\/www.sprachschule-aktiv.ch\/deutsch-lernen-in-der-schweiz\/neue-freunde-in-der-schweiz-finden\/#breadcrumb"},"inLanguage":"de","potentialAction":[{"@type":"ReadAction","target":["https:\/\/www.sprachschule-aktiv.ch\/deutsch-lernen-in-der-schweiz\/neue-freunde-in-der-schweiz-finden\/"]}]},{"@type":"ImageObject","inLanguage":"de","@id":"https:\/\/www.sprachschule-aktiv.ch\/deutsch-lernen-in-der-schweiz\/neue-freunde-in-der-schweiz-finden\/#primaryimage","url":"https:\/\/www.sprachschule-aktiv.ch\/deutsch-lernen-in-der-schweiz\/wp-content\/uploads\/2022\/02\/freunde-in-der-schweiz-finden.gif","contentUrl":"https:\/\/www.sprachschule-aktiv.ch\/deutsch-lernen-in-der-schweiz\/wp-content\/uploads\/2022\/02\/freunde-in-der-schweiz-finden.gif","width":700,"height":467,"caption":"Freunde in der Schweiz finden"},{"@type":"BreadcrumbList","@id":"https:\/\/www.sprachschule-aktiv.ch\/deutsch-lernen-in-der-schweiz\/neue-freunde-in-der-schweiz-finden\/#breadcrumb","itemListElement":[{"@type":"ListItem","position":1,"name":"Startseite","item":"https:\/\/www.sprachschule-aktiv.ch\/deutsch-lernen-in-der-schweiz\/"},{"@type":"ListItem","position":2,"name":"Neue Freunde in der Schweiz finden und Bekanntschaften schliessen"}]},{"@type":"WebSite","@id":"https:\/\/www.sprachschule-aktiv.ch\/deutsch-lernen-in-der-schweiz\/#website","url":"https:\/\/www.sprachschule-aktiv.ch\/deutsch-lernen-in-der-schweiz\/","name":"Deutsch lernen in der schweiz","description":"","potentialAction":[{"@type":"SearchAction","target":{"@type":"EntryPoint","urlTemplate":"https:\/\/www.sprachschule-aktiv.ch\/deutsch-lernen-in-der-schweiz\/?s={search_term_string}"},"query-input":{"@type":"PropertyValueSpecification","valueRequired":true,"valueName":"search_term_string"}}],"inLanguage":"de"}]}},"_links":{"self":[{"href":"https:\/\/www.sprachschule-aktiv.ch\/deutsch-lernen-in-der-schweiz\/wp-json\/wp\/v2\/pages\/191","targetHints":{"allow":["GET"]}}],"collection":[{"href":"https:\/\/www.sprachschule-aktiv.ch\/deutsch-lernen-in-der-schweiz\/wp-json\/wp\/v2\/pages"}],"about":[{"href":"https:\/\/www.sprachschule-aktiv.ch\/deutsch-lernen-in-der-schweiz\/wp-json\/wp\/v2\/types\/page"}],"author":[{"embeddable":true,"href":"https:\/\/www.sprachschule-aktiv.ch\/deutsch-lernen-in-der-schweiz\/wp-json\/wp\/v2\/users\/2"}],"replies":[{"embeddable":true,"href":"https:\/\/www.sprachschule-aktiv.ch\/deutsch-lernen-in-der-schweiz\/wp-json\/wp\/v2\/comments?post=191"}],"version-history":[{"count":1,"href":"https:\/\/www.sprachschule-aktiv.ch\/deutsch-lernen-in-der-schweiz\/wp-json\/wp\/v2\/pages\/191\/revisions"}],"predecessor-version":[{"id":193,"href":"https:\/\/www.sprachschule-aktiv.ch\/deutsch-lernen-in-der-schweiz\/wp-json\/wp\/v2\/pages\/191\/revisions\/193"}],"wp:attachment":[{"href":"https:\/\/www.sprachschule-aktiv.ch\/deutsch-lernen-in-der-schweiz\/wp-json\/wp\/v2\/media?parent=191"}],"curies":[{"name":"wp","href":"https:\/\/api.w.org\/{rel}","templated":true}]}}