{"id":134,"date":"2022-02-01T06:10:43","date_gmt":"2022-02-01T05:10:43","guid":{"rendered":"https:\/\/www.sprachschule-aktiv.ch\/deutsch-lernen-in-der-schweiz\/?page_id=134"},"modified":"2022-02-18T05:46:36","modified_gmt":"2022-02-18T04:46:36","slug":"deutschkenntnisse-fuer-den-deutschsprachigen-teil-der-schweiz","status":"publish","type":"page","link":"https:\/\/www.sprachschule-aktiv.ch\/deutsch-lernen-in-der-schweiz\/deutschkenntnisse-fuer-den-deutschsprachigen-teil-der-schweiz\/","title":{"rendered":"Deutschkenntnisse f\u00fcr den deutschsprachigen Teil der Schweiz"},"content":{"rendered":"<p><strong>Sie planen l\u00e4ngerfristig im deutschsprachigen Teil der Schweiz zu arbeiten oder zu studieren?<\/strong> <strong>Oder m\u00f6chten Sie als nachziehender Ehepartner in der Schweiz wohnen?<\/strong> <strong>Gute Deutschkenntnisse sind in jedem Fall eine wichtige Voraussetzung, damit Ihr Aufenthalt ein voller Erfolg wird.<\/strong> Ob Sie Ihr Deutsch in Ihrem Heimatland oder in der Schweiz lernen, die Kenntnis der Sprache erleichtert Ihnen den Einstieg in Ihr neues Leben wesentlich. Denn nicht nur im Alltag n\u00fctzt es Ihnen, wenn Sie Deutsch sprechen, sondern vor allem auch im Berufsleben. In den meisten Firmen im deutschsprachigen Teil der Schweiz ist Deutsch die Verkehrssprache, sowohl mit den\u00a0 Kunden als auch mit den Kollegen. Die Beherrschung der Sprache erh\u00f6ht also Ihre Chancen, eine gute Arbeitsstelle zu finden.<\/p>\n<a href=\"https:\/\/www.sprachschule-aktiv.ch\/deutsch-lernen-in-der-schweiz\/kontakt\/\"><img loading=\"lazy\" decoding=\"async\" class=\"alignnone wp-image-972 size-full\" title=\"Schnelle Anfrage - Deutschkurs Z\u00fcrich\" src=\"https:\/\/www.sprachschule-aktiv.ch\/wp-content\/uploads\/2017\/03\/boton-schnelle-anfrage.png\" alt=\"Schnelle Anfrage - Deutschkurs Z\u00fcrich\" width=\"220\" height=\"65\" \/><\/a>\n<h2>Ihre Deutschkenntnisse in der Schweiz als Pflegekraft<\/h2>\n<p>M\u00f6chten Sie in den Kantonen der deutschsprachigen Schweiz als Kranken- oder Altenpflegekraft arbeiten, ben\u00f6tigen Sie folgende Deutschkenntnisse: Im m\u00fcndlichen Sprachbereich m\u00fcssen Sie nachweisen, dass sich Ihr Sprachniveau auf\u00a0 dem Level B1 befindet. F\u00fcr den schriftlichen Bereich gen\u00fcgt ein Nachweis der Kenntnisse auf dem Niveau A1. Die erw\u00e4hnten Niveaustufen unterliegen den Vorgaben des Gemeinsamen Europ\u00e4ischen Referenzrahmens f\u00fcr Sprachen (GER).<\/p>\n<a href=\"https:\/\/www.sprachschule-aktiv.ch\/deutsch-lernen-in-der-schweiz\/deutschkurse\/\"><img loading=\"lazy\" decoding=\"async\" class=\"alignnone size-medium wp-image-90\" src=\"https:\/\/www.sprachschule-aktiv.ch\/deutsch-lernen-in-der-schweiz\/wp-content\/uploads\/2022\/01\/deutschkurse-in-der-schweiz-251x300.jpg\" alt=\"Unsere Deutschkurse in der Schweiz\" width=\"251\" height=\"300\" srcset=\"https:\/\/www.sprachschule-aktiv.ch\/deutsch-lernen-in-der-schweiz\/wp-content\/uploads\/2022\/01\/deutschkurse-in-der-schweiz-251x300.jpg 251w, https:\/\/www.sprachschule-aktiv.ch\/deutsch-lernen-in-der-schweiz\/wp-content\/uploads\/2022\/01\/deutschkurse-in-der-schweiz.jpg 300w\" sizes=\"auto, (max-width: 251px) 100vw, 251px\" \/><\/a>\n<h2>Als nachziehender Ehepartner ben\u00f6tigen Sie folgende Sprachkenntnisse<\/h2>\n<p>Wenn Sie mit Ihrem Ehepartner in der Schweiz leben m\u00f6chten und nicht aus einem EU- oder EFTA-Land stammen, m\u00fcssen Sie um eine Aufenthaltsbewilligung und eine Arbeitserlaubnis zu erhalten \u00fcber gute Sprachkenntnisse verf\u00fcgen. Die m\u00fcndliche Sprachbeherrschung ist auf dem Niveau B1 des GER\u00a0 nachzuweisen und die schriftliche auf der Sprachstufe A2. Unerheblich dabei ist, ob Sie die Sprachkenntnisse sich selbst angeeignet oder in einem Kurs erworben haben. Ebenso ob Sie Deutsch in Ihrem Heimatland oder in der Schweiz gelernt haben. Sie sollten aber darauf achten, dass Sie die Pr\u00fcfung bei einer anerkannten Stelle ablegen.<\/p>\n<img loading=\"lazy\" decoding=\"async\" class=\"alignnone size-medium wp-image-135\" src=\"https:\/\/www.sprachschule-aktiv.ch\/deutsch-lernen-in-der-schweiz\/wp-content\/uploads\/2022\/02\/deutschkenntnisse-fuer-das-leben-in-der-schweiz-300x201.jpg\" alt=\"Deutschkenntnisse f\u00fcr das Leben in der Schweiz\" width=\"300\" height=\"201\" srcset=\"https:\/\/www.sprachschule-aktiv.ch\/deutsch-lernen-in-der-schweiz\/wp-content\/uploads\/2022\/02\/deutschkenntnisse-fuer-das-leben-in-der-schweiz-300x201.jpg 300w, https:\/\/www.sprachschule-aktiv.ch\/deutsch-lernen-in-der-schweiz\/wp-content\/uploads\/2022\/02\/deutschkenntnisse-fuer-das-leben-in-der-schweiz.jpg 344w\" sizes=\"auto, (max-width: 300px) 100vw, 300px\" \/>\n<h2>Welche Deutschkenntnisse brauche ich, um in der Schweiz studieren zu k\u00f6nnen?<\/h2>\n<p>Um an einer Universit\u00e4t in der Schweiz an einem deutschsprachigen Studiengang teilnehmen zu k\u00f6nnen, m\u00fcssen Sie Ihre Deutschkenntnisse nachweisen. Diese sollten sich bereits vor Aufnahme des geplanten Studiums auf dem Niveau B2 befinden. Den Nachweis k\u00f6nnen Sie durch das Ablegen eines von der Universit\u00e4t anerkannten Tests erbringen. Da dies von Hochschule zu Hochschule und auch von Studiengang zu Studiengang variieren kann, sollten Sie sich bereits bei der Bewerbung an der jeweiligen Universit\u00e4t dar\u00fcber informieren, welcher Nachweis der Sprachkenntnisse erforderlich ist.<\/p>\n<h2>Ihr Deutsch im Berufsleben<\/h2>\n<p>In den meisten Unternehmen der deutschsprachigen Kantone ist Deutsch die allgemeine Verkehrssprache. Dies bedeutet, dass Sie nicht nur mit den Kollegen, sondern auch mit Kunden auf Deutsch sprechen m\u00fcssen. Aus diesem Grund gilt: je besser Ihre Sprachkenntnisse sind, desto h\u00f6her ist die Chance, einen guten Job zu erhalten. Zudem unterscheidet sich die Gesch\u00e4ftssprache Deutsch oft sehr von der Alltagssprache Deutsch. An einer der Sprachschulen Aktiv in Ihrer N\u00e4he finden Sie Deutschkurse, die speziell auf verschiedene Berufsgruppen zugeschnitten sind.<\/p>\n<h2>Deutsch sprechen als Kind oder Jugendlicher<\/h2>\n<p>So wie Sie m\u00f6chten auch Ihre Kinder am schweizerischen Alltag teilnehmen. Gerade f\u00fcr Kinder und Jugendliche ist es besonders wichtig, sich in der Sprache des Landes zu verst\u00e4ndigen, damit sie soziale Kontakte kn\u00fcpfen und Freunde finden k\u00f6nnen. Die Sprachschule Aktiv bietet in der Schweiz eine Vielzahl von Sprachkursen Deutsch f\u00fcr Kinder und Jugendliche an.<\/p>\n<p><iframe loading=\"lazy\" title=\"YouTube video player\" src=\"https:\/\/www.youtube.com\/embed\/JOvJI8b4z_E\" width=\"560\" height=\"315\" frameborder=\"0\" allowfullscreen=\"allowfullscreen\"><\/iframe><\/p>\n","protected":false},"excerpt":{"rendered":"<p>Sie planen l\u00e4ngerfristig im deutschsprachigen Teil der Schweiz zu arbeiten oder zu studieren? Oder m\u00f6chten Sie als nachziehender Ehepartner in der Schweiz wohnen? Gute Deutschkenntnisse sind in jedem Fall eine wichtige Voraussetzung, damit Ihr Aufenthalt ein voller Erfolg wird. Ob Sie Ihr Deutsch in Ihrem Heimatland oder in der Schweiz lernen, die Kenntnis der Sprache&hellip; <a class=\"read-more\" href=\"https:\/\/www.sprachschule-aktiv.ch\/deutsch-lernen-in-der-schweiz\/deutschkenntnisse-fuer-den-deutschsprachigen-teil-der-schweiz\/\" title=\"Read Deutschkenntnisse f\u00fcr den deutschsprachigen Teil der Schweiz\">Read more &raquo;<\/a><\/p>\n","protected":false},"author":2,"featured_media":0,"parent":0,"menu_order":0,"comment_status":"closed","ping_status":"closed","template":"","meta":{"footnotes":""},"class_list":["post-134","page","type-page","status-publish","hentry"],"yoast_head":"<!-- This site is optimized with the Yoast SEO plugin v27.1.1 - https:\/\/yoast.com\/product\/yoast-seo-wordpress\/ -->\n<title>Deutschkenntnisse f\u00fcr das Leben in der Schweiz<\/title>\n<meta name=\"description\" content=\"Welche Deutschkenntnisse ben\u00f6tigen Sie f\u00fcr die Schweiz? Deutschkenntnisse als Pflegekraft, f\u00fcr Berufe, Studium oder Ehepartner.\" \/>\n<meta name=\"robots\" content=\"index, follow, max-snippet:-1, max-image-preview:large, max-video-preview:-1\" \/>\n<link rel=\"canonical\" href=\"https:\/\/www.sprachschule-aktiv.ch\/deutsch-lernen-in-der-schweiz\/deutschkenntnisse-fuer-den-deutschsprachigen-teil-der-schweiz\/\" \/>\n<meta property=\"og:locale\" content=\"de_DE\" \/>\n<meta property=\"og:type\" content=\"article\" \/>\n<meta property=\"og:title\" content=\"Deutschkenntnisse f\u00fcr das Leben in der Schweiz\" \/>\n<meta property=\"og:description\" content=\"Welche Deutschkenntnisse ben\u00f6tigen Sie f\u00fcr die Schweiz? Deutschkenntnisse als Pflegekraft, f\u00fcr Berufe, Studium oder Ehepartner.\" \/>\n<meta property=\"og:url\" content=\"https:\/\/www.sprachschule-aktiv.ch\/deutsch-lernen-in-der-schweiz\/deutschkenntnisse-fuer-den-deutschsprachigen-teil-der-schweiz\/\" \/>\n<meta property=\"og:site_name\" content=\"Deutsch lernen in der schweiz\" \/>\n<meta property=\"article:modified_time\" content=\"2022-02-18T04:46:36+00:00\" \/>\n<meta property=\"og:image\" content=\"https:\/\/www.sprachschule-aktiv.ch\/wp-content\/uploads\/2017\/03\/boton-schnelle-anfrage.png\" \/>\n<meta name=\"twitter:card\" content=\"summary_large_image\" \/>\n<meta name=\"twitter:label1\" content=\"Gesch\u00e4tzte Lesezeit\" \/>\n\t<meta name=\"twitter:data1\" content=\"3\u00a0Minuten\" \/>\n<script type=\"application\/ld+json\" class=\"yoast-schema-graph\">{\"@context\":\"https:\/\/schema.org\",\"@graph\":[{\"@type\":\"WebPage\",\"@id\":\"https:\/\/www.sprachschule-aktiv.ch\/deutsch-lernen-in-der-schweiz\/deutschkenntnisse-fuer-den-deutschsprachigen-teil-der-schweiz\/\",\"url\":\"https:\/\/www.sprachschule-aktiv.ch\/deutsch-lernen-in-der-schweiz\/deutschkenntnisse-fuer-den-deutschsprachigen-teil-der-schweiz\/\",\"name\":\"Deutschkenntnisse f\u00fcr das Leben in der Schweiz\",\"isPartOf\":{\"@id\":\"https:\/\/www.sprachschule-aktiv.ch\/deutsch-lernen-in-der-schweiz\/#website\"},\"primaryImageOfPage\":{\"@id\":\"https:\/\/www.sprachschule-aktiv.ch\/deutsch-lernen-in-der-schweiz\/deutschkenntnisse-fuer-den-deutschsprachigen-teil-der-schweiz\/#primaryimage\"},\"image\":{\"@id\":\"https:\/\/www.sprachschule-aktiv.ch\/deutsch-lernen-in-der-schweiz\/deutschkenntnisse-fuer-den-deutschsprachigen-teil-der-schweiz\/#primaryimage\"},\"thumbnailUrl\":\"https:\/\/www.sprachschule-aktiv.ch\/wp-content\/uploads\/2017\/03\/boton-schnelle-anfrage.png\",\"datePublished\":\"2022-02-01T05:10:43+00:00\",\"dateModified\":\"2022-02-18T04:46:36+00:00\",\"description\":\"Welche Deutschkenntnisse ben\u00f6tigen Sie f\u00fcr die Schweiz? Deutschkenntnisse als Pflegekraft, f\u00fcr Berufe, Studium oder Ehepartner.\",\"breadcrumb\":{\"@id\":\"https:\/\/www.sprachschule-aktiv.ch\/deutsch-lernen-in-der-schweiz\/deutschkenntnisse-fuer-den-deutschsprachigen-teil-der-schweiz\/#breadcrumb\"},\"inLanguage\":\"de\",\"potentialAction\":[{\"@type\":\"ReadAction\",\"target\":[\"https:\/\/www.sprachschule-aktiv.ch\/deutsch-lernen-in-der-schweiz\/deutschkenntnisse-fuer-den-deutschsprachigen-teil-der-schweiz\/\"]}]},{\"@type\":\"ImageObject\",\"inLanguage\":\"de\",\"@id\":\"https:\/\/www.sprachschule-aktiv.ch\/deutsch-lernen-in-der-schweiz\/deutschkenntnisse-fuer-den-deutschsprachigen-teil-der-schweiz\/#primaryimage\",\"url\":\"https:\/\/www.sprachschule-aktiv.ch\/wp-content\/uploads\/2017\/03\/boton-schnelle-anfrage.png\",\"contentUrl\":\"https:\/\/www.sprachschule-aktiv.ch\/wp-content\/uploads\/2017\/03\/boton-schnelle-anfrage.png\"},{\"@type\":\"BreadcrumbList\",\"@id\":\"https:\/\/www.sprachschule-aktiv.ch\/deutsch-lernen-in-der-schweiz\/deutschkenntnisse-fuer-den-deutschsprachigen-teil-der-schweiz\/#breadcrumb\",\"itemListElement\":[{\"@type\":\"ListItem\",\"position\":1,\"name\":\"Startseite\",\"item\":\"https:\/\/www.sprachschule-aktiv.ch\/deutsch-lernen-in-der-schweiz\/\"},{\"@type\":\"ListItem\",\"position\":2,\"name\":\"Deutschkenntnisse f\u00fcr den deutschsprachigen Teil der Schweiz\"}]},{\"@type\":\"WebSite\",\"@id\":\"https:\/\/www.sprachschule-aktiv.ch\/deutsch-lernen-in-der-schweiz\/#website\",\"url\":\"https:\/\/www.sprachschule-aktiv.ch\/deutsch-lernen-in-der-schweiz\/\",\"name\":\"Deutsch lernen in der schweiz\",\"description\":\"\",\"potentialAction\":[{\"@type\":\"SearchAction\",\"target\":{\"@type\":\"EntryPoint\",\"urlTemplate\":\"https:\/\/www.sprachschule-aktiv.ch\/deutsch-lernen-in-der-schweiz\/?s={search_term_string}\"},\"query-input\":{\"@type\":\"PropertyValueSpecification\",\"valueRequired\":true,\"valueName\":\"search_term_string\"}}],\"inLanguage\":\"de\"}]}<\/script>\n<!-- \/ Yoast SEO plugin. -->","yoast_head_json":{"title":"Deutschkenntnisse f\u00fcr das Leben in der Schweiz","description":"Welche Deutschkenntnisse ben\u00f6tigen Sie f\u00fcr die Schweiz? Deutschkenntnisse als Pflegekraft, f\u00fcr Berufe, Studium oder Ehepartner.","robots":{"index":"index","follow":"follow","max-snippet":"max-snippet:-1","max-image-preview":"max-image-preview:large","max-video-preview":"max-video-preview:-1"},"canonical":"https:\/\/www.sprachschule-aktiv.ch\/deutsch-lernen-in-der-schweiz\/deutschkenntnisse-fuer-den-deutschsprachigen-teil-der-schweiz\/","og_locale":"de_DE","og_type":"article","og_title":"Deutschkenntnisse f\u00fcr das Leben in der Schweiz","og_description":"Welche Deutschkenntnisse ben\u00f6tigen Sie f\u00fcr die Schweiz? Deutschkenntnisse als Pflegekraft, f\u00fcr Berufe, Studium oder Ehepartner.","og_url":"https:\/\/www.sprachschule-aktiv.ch\/deutsch-lernen-in-der-schweiz\/deutschkenntnisse-fuer-den-deutschsprachigen-teil-der-schweiz\/","og_site_name":"Deutsch lernen in der schweiz","article_modified_time":"2022-02-18T04:46:36+00:00","og_image":[{"url":"https:\/\/www.sprachschule-aktiv.ch\/wp-content\/uploads\/2017\/03\/boton-schnelle-anfrage.png","type":"","width":"","height":""}],"twitter_card":"summary_large_image","twitter_misc":{"Gesch\u00e4tzte Lesezeit":"3\u00a0Minuten"},"schema":{"@context":"https:\/\/schema.org","@graph":[{"@type":"WebPage","@id":"https:\/\/www.sprachschule-aktiv.ch\/deutsch-lernen-in-der-schweiz\/deutschkenntnisse-fuer-den-deutschsprachigen-teil-der-schweiz\/","url":"https:\/\/www.sprachschule-aktiv.ch\/deutsch-lernen-in-der-schweiz\/deutschkenntnisse-fuer-den-deutschsprachigen-teil-der-schweiz\/","name":"Deutschkenntnisse f\u00fcr das Leben in der Schweiz","isPartOf":{"@id":"https:\/\/www.sprachschule-aktiv.ch\/deutsch-lernen-in-der-schweiz\/#website"},"primaryImageOfPage":{"@id":"https:\/\/www.sprachschule-aktiv.ch\/deutsch-lernen-in-der-schweiz\/deutschkenntnisse-fuer-den-deutschsprachigen-teil-der-schweiz\/#primaryimage"},"image":{"@id":"https:\/\/www.sprachschule-aktiv.ch\/deutsch-lernen-in-der-schweiz\/deutschkenntnisse-fuer-den-deutschsprachigen-teil-der-schweiz\/#primaryimage"},"thumbnailUrl":"https:\/\/www.sprachschule-aktiv.ch\/wp-content\/uploads\/2017\/03\/boton-schnelle-anfrage.png","datePublished":"2022-02-01T05:10:43+00:00","dateModified":"2022-02-18T04:46:36+00:00","description":"Welche Deutschkenntnisse ben\u00f6tigen Sie f\u00fcr die Schweiz? Deutschkenntnisse als Pflegekraft, f\u00fcr Berufe, Studium oder Ehepartner.","breadcrumb":{"@id":"https:\/\/www.sprachschule-aktiv.ch\/deutsch-lernen-in-der-schweiz\/deutschkenntnisse-fuer-den-deutschsprachigen-teil-der-schweiz\/#breadcrumb"},"inLanguage":"de","potentialAction":[{"@type":"ReadAction","target":["https:\/\/www.sprachschule-aktiv.ch\/deutsch-lernen-in-der-schweiz\/deutschkenntnisse-fuer-den-deutschsprachigen-teil-der-schweiz\/"]}]},{"@type":"ImageObject","inLanguage":"de","@id":"https:\/\/www.sprachschule-aktiv.ch\/deutsch-lernen-in-der-schweiz\/deutschkenntnisse-fuer-den-deutschsprachigen-teil-der-schweiz\/#primaryimage","url":"https:\/\/www.sprachschule-aktiv.ch\/wp-content\/uploads\/2017\/03\/boton-schnelle-anfrage.png","contentUrl":"https:\/\/www.sprachschule-aktiv.ch\/wp-content\/uploads\/2017\/03\/boton-schnelle-anfrage.png"},{"@type":"BreadcrumbList","@id":"https:\/\/www.sprachschule-aktiv.ch\/deutsch-lernen-in-der-schweiz\/deutschkenntnisse-fuer-den-deutschsprachigen-teil-der-schweiz\/#breadcrumb","itemListElement":[{"@type":"ListItem","position":1,"name":"Startseite","item":"https:\/\/www.sprachschule-aktiv.ch\/deutsch-lernen-in-der-schweiz\/"},{"@type":"ListItem","position":2,"name":"Deutschkenntnisse f\u00fcr den deutschsprachigen Teil der Schweiz"}]},{"@type":"WebSite","@id":"https:\/\/www.sprachschule-aktiv.ch\/deutsch-lernen-in-der-schweiz\/#website","url":"https:\/\/www.sprachschule-aktiv.ch\/deutsch-lernen-in-der-schweiz\/","name":"Deutsch lernen in der schweiz","description":"","potentialAction":[{"@type":"SearchAction","target":{"@type":"EntryPoint","urlTemplate":"https:\/\/www.sprachschule-aktiv.ch\/deutsch-lernen-in-der-schweiz\/?s={search_term_string}"},"query-input":{"@type":"PropertyValueSpecification","valueRequired":true,"valueName":"search_term_string"}}],"inLanguage":"de"}]}},"_links":{"self":[{"href":"https:\/\/www.sprachschule-aktiv.ch\/deutsch-lernen-in-der-schweiz\/wp-json\/wp\/v2\/pages\/134","targetHints":{"allow":["GET"]}}],"collection":[{"href":"https:\/\/www.sprachschule-aktiv.ch\/deutsch-lernen-in-der-schweiz\/wp-json\/wp\/v2\/pages"}],"about":[{"href":"https:\/\/www.sprachschule-aktiv.ch\/deutsch-lernen-in-der-schweiz\/wp-json\/wp\/v2\/types\/page"}],"author":[{"embeddable":true,"href":"https:\/\/www.sprachschule-aktiv.ch\/deutsch-lernen-in-der-schweiz\/wp-json\/wp\/v2\/users\/2"}],"replies":[{"embeddable":true,"href":"https:\/\/www.sprachschule-aktiv.ch\/deutsch-lernen-in-der-schweiz\/wp-json\/wp\/v2\/comments?post=134"}],"version-history":[{"count":2,"href":"https:\/\/www.sprachschule-aktiv.ch\/deutsch-lernen-in-der-schweiz\/wp-json\/wp\/v2\/pages\/134\/revisions"}],"predecessor-version":[{"id":180,"href":"https:\/\/www.sprachschule-aktiv.ch\/deutsch-lernen-in-der-schweiz\/wp-json\/wp\/v2\/pages\/134\/revisions\/180"}],"wp:attachment":[{"href":"https:\/\/www.sprachschule-aktiv.ch\/deutsch-lernen-in-der-schweiz\/wp-json\/wp\/v2\/media?parent=134"}],"curies":[{"name":"wp","href":"https:\/\/api.w.org\/{rel}","templated":true}]}}